{"id":432,"date":"2021-06-12T23:31:44","date_gmt":"2021-06-13T02:31:44","guid":{"rendered":"http:\/\/vuelaatumanera.com.ar\/?post_type=product&#038;p=432"},"modified":"2025-07-07T10:47:00","modified_gmt":"2025-07-07T13:47:00","slug":"kit-box-ducha-y-belleza-regalo-souvenirs","status":"publish","type":"product","link":"https:\/\/vuelaatumanera.com.ar\/?product=kit-box-ducha-y-belleza-regalo-souvenirs","title":{"rendered":"02-Kit-Box Ducha y Belleza Regalo-Souvenirs"},"content":{"rendered":"<p>Excelente Kit Ducha y Belleza para regalar y\/o regalarse!!<br \/>\nEl kit incluye:<br \/>\n-Jab\u00f3n l\u00edquido 200ml, aroma lavanda, chocolate o coco.<br \/>\n-Jab\u00f3n s\u00f3lido de glicerina y coco, dise\u00f1o decoupage.<br \/>\n-Esponja vegetal.<br \/>\n-Desmaquillante bif\u00e1sico a base de aceite de almendras de 50ml.<br \/>\n-Bombas de ba\u00f1o x 2 unidades de 30grs c\/u -Aroma rosas.<br \/>\n-Vincha de toalla.<br \/>\n-2 pads de toalla reutilizables.<br \/>\n-Toalla de mano.<br \/>\n-Tarjeta alusiva a la fecha (San Valent\u00edn, D\u00eda de la Mujer, D\u00eda de la Madre, Cumplea\u00f1os, etc.).<br \/>\nTodo en una caja con visor 18 x 22cm.<\/p>\n<p>Todos nuestros productos son de excelente calidad, trabajamos cuidadosamente en su elaboraci\u00f3n y presentaci\u00f3n.<br \/>\nRegala aromas.<br \/>\nVuela a tu manera.<\/p>\n","protected":false},"excerpt":{"rendered":"<p>Kit de Ducha y Belleza<\/p>\n","protected":false},"featured_media":854,"comment_status":"open","ping_status":"closed","template":"","meta":[],"product_brand":[],"product_cat":[20],"product_tag":[],"class_list":{"0":"post-432","1":"product","2":"type-product","3":"status-publish","4":"has-post-thumbnail","6":"product_cat-combos","8":"first","9":"instock","10":"sale","11":"shipping-taxable","12":"purchasable","13":"product-type-simple"},"_links":{"self":[{"href":"https:\/\/vuelaatumanera.com.ar\/index.php?rest_route=\/wp\/v2\/product\/432","targetHints":{"allow":["GET"]}}],"collection":[{"href":"https:\/\/vuelaatumanera.com.ar\/index.php?rest_route=\/wp\/v2\/product"}],"about":[{"href":"https:\/\/vuelaatumanera.com.ar\/index.php?rest_route=\/wp\/v2\/types\/product"}],"replies":[{"embeddable":true,"href":"https:\/\/vuelaatumanera.com.ar\/index.php?rest_route=%2Fwp%2Fv2%2Fcomments&post=432"}],"wp:featuredmedia":[{"embeddable":true,"href":"https:\/\/vuelaatumanera.com.ar\/index.php?rest_route=\/wp\/v2\/media\/854"}],"wp:attachment":[{"href":"https:\/\/vuelaatumanera.com.ar\/index.php?rest_route=%2Fwp%2Fv2%2Fmedia&parent=432"}],"wp:term":[{"taxonomy":"product_brand","embeddable":true,"href":"https:\/\/vuelaatumanera.com.ar\/index.php?rest_route=%2Fwp%2Fv2%2Fproduct_brand&post=432"},{"taxonomy":"product_cat","embeddable":true,"href":"https:\/\/vuelaatumanera.com.ar\/index.php?rest_route=%2Fwp%2Fv2%2Fproduct_cat&post=432"},{"taxonomy":"product_tag","embeddable":true,"href":"https:\/\/vuelaatumanera.com.ar\/index.php?rest_route=%2Fwp%2Fv2%2Fproduct_tag&post=432"}],"curies":[{"name":"wp","href":"https:\/\/api.w.org\/{rel}","templated":true}]}}